Suppose -247 = -w*g - 4*b, 160 = 2*g - 3*b + 8*b. What is the units digit of g?
5
Suppose 0 = 47*c - 49*c + 10. Suppose -c*v = -302 - 218. What is the hundreds digit of v?
1
Let j(t) = -t**3 - 6*t**2 - 13*t. Let x(b) = b**3 + 11*b**2 + 18*b - 6. Let w be x(-9). What is the tens digit of j(w)?
7
Let k = 67 + -124. Let q = -37 - k. What is the tens digit of q?
2
Let b = -17 + 17. Suppose 84 = 4*w - 2*i, b = 2*w - 3*w + 2*i + 15. What is the units digit of w?
3
Suppose -19*c = -76*c + 21603. What is the tens digit of c?
7
Suppose 2*r + 296 = 5*b, -4*r + 137 = 3*b - 51. Suppose -y + 228 = b. What is the units digit of y?
8
What is the units digit of (-1)/(0 + -4 - (-11935)/2985)?
7
Let t = 4 - -6. Let w(k) = -5*k + 59. Let f be w(4). Let j = f + t. What is the units digit of j?
9
Let t = 140 - 72. What is the tens digit of t?
6
Let b = 625 + -351. Suppose 17*m = 15*m + b. What is the hundreds digit of m?
1
Suppose 0*z - 48 = -2*z. Suppose 4*i - 3*i + z = 0. What is the units digit of (-3)/(1 - (-33)/i)?
8
Let n(z) = -74*z**3 + 3*z**2 + 3*z + 8. Let b(p) = -74*p**3 + 4*p**2 + 4*p + 10. Let r(t) = 4*b(t) - 5*n(t). What is the tens digit of r(1)?
7
Let k(z) be the second derivative of z**4/12 - z**3/6 - 7*z**2/2 + 10*z. Let g be k(7). Suppose -l + g = -18. What is the units digit of l?
3
Let c be -1*54/(-1)*-1 + 3. What is the units digit of (-2 + c/15)/(6/(-90))?
1
Let l(f) = -271*f + 16. Let k be l(-2). Suppose 3*n = 138 + k. What is the tens digit of n?
3
Let c(b) = b**2 - b + 11. Let p be c(0). Suppose 33 + p = 4*z. What is the tens digit of z?
1
Suppose -160 = -5*b - 5*a + 5850, 0 = -4*b + 4*a + 4848. What is the units digit of b?
7
Let d = -3683 - -7382. What is the tens digit of d?
9
Suppose -2*w + 4*l + 94 = 0, -3*l - 132 = -2*w - w. Let h = w - 39. Suppose 120 = h*y + y. What is the units digit of y?
0
Suppose 4*x - 3*x = 4. Let j be x/(-14) - 8/(-28). Suppose 0 = 2*v, j = -5*c - 4*v + 20 + 35. What is the units digit of c?
1
Let j(b) = -80*b - 48. What is the tens digit of j(-4)?
7
Suppose -3*p = -7*p + 144. What is the units digit of 54*-6*(-4)/p?
6
Let m(u) = u + 17. Suppose 25 = -2*y + b, 2*y = 5*b - 2*b - 27. Let l be m(y). Suppose -5*o - 135 = -5*c - 0*o, l*o = -c + 15. What is the tens digit of c?
2
Let o = 62 + -108. Let n = -155 + 232. Let u = n + o. What is the units digit of u?
1
Suppose -4*v + 9*v - 1445 = 0. What is the tens digit of v?
8
Let d = -37 + -5. What is the units digit of 168 + ((-12)/d - 26/(-7))?
2
Let b = 0 - -13. Let x(r) = 5*r**2 + 19 - 13*r - 7*r**2 + 3*r**2. What is the units digit of x(b)?
9
Let a(t) = 8*t**2 + 7 + t**2 - 5*t**2 - 6*t. What is the units digit of a(3)?
5
Suppose 0 = -7*v + 78 - 8. Let c(w) = -w**2 + 8*w + 23. Let n be c(v). What is the tens digit of (-123)/(-5 + n + -1)?
4
Suppose o = 3*j - 5, j = 3*o - o. Suppose -4*x + 78 - 10 = j*k, -k + 34 = -x. What is the units digit of k?
4
Let r be (-22)/3 - 10/15. Let m = 5 + r. What is the units digit of ((-1)/m)/((-3)/(-306))?
4
Let s = -45 + 50. Suppose -s*y + 320 = -z, -y - 3*z - 128 = -3*y. What is the tens digit of y?
6
Let q be (1 - -1) + 31 + 19. Suppose q*x - 51*x - 118 = 0. What is the tens digit of x?
1
Let o(f) = 52*f**2 + 4*f - 5. What is the units digit of o(2)?
1
Suppose 4*b = -5*o + 2522, -o - 2*o - 1272 = -2*b. What is the units digit of b?
3
Let m be ((-8)/10)/((8/940)/(-1)). Suppose -66 = -4*j + 2*i + m, j - 34 = -i. What is the tens digit of j?
3
Let c(d) = 36*d**2 - 15*d - 54. What is the units digit of c(-11)?
7
Let l(z) be the second derivative of z**4/4 - z**3/3 - z**2/2 + 4*z. Let j be l(-3). Suppose -q = 2*y + 2*q + 4, 4*q = 4*y - j. What is the units digit of y?
4
Suppose -10 = -4*f + f + 4*o, -5*o - 14 = -3*f. Let z(y) = y**2 - y - 1. Let w be z(f). Suppose -i + 48 = x, -3*x + w*x - 4*i = 90. What is the tens digit of x?
4
Let c = 2 + -8. Let r = 13 - c. Let f = r - 0. What is the tens digit of f?
1
Suppose 2*u - 7 = 3. Let s = -9 + u. What is the tens digit of (-50)/3*6/s?
2
Let g(y) = -4*y - 8. Suppose 6*b - 2*b = -36. Let q be g(b). Suppose 0*n = -2*n + q. What is the units digit of n?
4
Suppose 3*q = 7*q - 4*l - 2292, l - 2895 = -5*q. What is the tens digit of q?
7
Suppose 6*j - 204 = 78. What is the tens digit of j?
4
Suppose y - c = -211 + 977, -2*c = 5*y - 3865. What is the hundreds digit of y?
7
Suppose 0 = -4*c + 8, -3*x + 41 = 3*c + c. Let s(o) = -3*o - 11. Let f be s(-6). Let a = x - f. What is the units digit of a?
4
Let p = 55 + -24. Let x(m) = 15*m**3 + m**2 + m. Let y be x(-1). Let c = y + p. What is the units digit of c?
6
Let z = 859 + -214. Suppose 1713 = 6*i + z. What is the units digit of i?
8
Let g(m) = -2*m**2 + 4. Let r(w) = -2*w**2 + 3. Let y(d) = 5*g(d) - 6*r(d). Let x = -10 + 7. What is the tens digit of y(x)?
2
Suppose -2*b + 8 + 2 = 0, -s - 19 = -5*b. Suppose 72 = s*l - 954. What is the units digit of l?
1
Let j(r) = 5*r**2 + 3*r + 2. Let k be j(-1). Suppose -k*d = -191 - 49. What is the units digit of d?
0
Let k(s) = 8*s - 22. Let j(t) = t + 1. Let v(c) = 5*j(c) - k(c). Let n(i) = 2*i - 18. Let y(o) = 7*n(o) + 5*v(o). What is the tens digit of y(-10)?
1
Let t be -2 + -3*(-4 + 1). Let h(y) = y**2 - 5*y + 3. Let v be h(t). Suppose -7 - v = -3*f. What is the units digit of f?
8
Suppose 63*j = 59*j + 2*k + 7386, -4*j = 3*k - 7371. What is the units digit of j?
5
Let n be (891/(-3))/3*-1. Suppose 4*s - 4 - 12 = 0. Suppose -s*z = 11 - n. What is the tens digit of z?
2
Let n(v) = -v**3 - v**2 - 1. Let p(u) = 2*u**3 - 3*u - 3. Let j = 6 - 3. Let z(w) = j*n(w) + p(w). What is the units digit of z(-4)?
2
Let f(g) = g**3 + 10*g**2 - 5. Let o(r) = -r**2 - 3*r + 8. Let j be o(-6). Let s be f(j). Let q(m) = -5*m + 14. What is the units digit of q(s)?
9
What is the hundreds digit of (5 + 5369/65)/(2/30)?
3
Suppose 4*o - 296 = 3*o + 3*u, -5*o - 4*u = -1556. What is the units digit of o?
8
Let z(n) = n**3 + 20*n**2 + 41*n + 4. Let v be z(-17). Let s = v - -68. What is the tens digit of s?
4
Suppose q + 8 = 10, -2*t - q = -1386. What is the hundreds digit of t?
6
Let u(o) = -111*o - 47. What is the units digit of u(-7)?
0
Let v = -12 - 7. Let m = 21 + v. Suppose 2*i + 2*i + 52 = m*l, 22 = 2*l + 2*i. What is the tens digit of l?
1
Let t(b) = 3*b + 26. Let x be t(-10). Let g(p) = -p**3 + 5*p**2 + 8*p + 13. What is the units digit of g(x)?
5
Let a = 56 - 55. What is the units digit of a*99 + (-28)/(-7)?
3
Let a be ((-4)/2)/((-4)/12). Let t be (6/(-4))/(a/(-12)). Suppose t*u - 24 - 14 = -z, -4*u + z + 39 = 0. What is the units digit of u?
1
Let h(p) = -p**3 - 6*p**2 + 5*p - 17. Let v be (-83)/(-4) + (-54)/72. Let i = -28 + v. What is the tens digit of h(i)?
7
Let v be (2/1 - 3)*-7. What is the units digit of v/(28/96) - -1?
5
Let a(g) be the third derivative of g**5/60 - 3*g**4/8 - 4*g**3/3 - 19*g**2. What is the units digit of a(12)?
8
Suppose 2*d = -d + 15. Suppose -j = -d*v + 174, 2*v = -v + 5*j + 100. Let c = v - 12. What is the tens digit of c?
2
Suppose -c + r = -276, 0*r + 5*r = 4*c - 1101. What is the hundreds digit of c?
2
Suppose -2*f - 231 = -2047. What is the units digit of f?
8
Suppose 23*s + 1248 = 75*s. Let u = -33 + 54. Let c = s - u. What is the units digit of c?
3
Suppose 4*m - m = 6. Suppose 5 = -5*b + 3*a, -b - a + m = -5. Suppose -q + 3*t = -0*t - 27, -2*t + 22 = b*q. What is the units digit of q?
5
What is the hundreds digit of ((-38)/(-6) + 1)*99?
7
What is the hundreds digit of 2 + -5 + 0 - (-2428 + 0)?
4
Let t(g) = -2*g - 3. Let b be (-36)/45*(-5)/(-1). Let j be t(b). Let s = j - 2. What is the units digit of s?
3
Suppose 10 = -4*g + 2*g - 5*f, 0 = 2*f + 4. Suppose -3*h + 57 = z, g = -3*z + z. Let m = 1 + h. What is the units digit of m?
0
Let u(n) = -n**3 + 7*n**2 - 5*n + 10. Let y be u(7). Let w = y + 6. Let l = 24 + w. What is the units digit of l?
5
Let v = -72 + 127. What is the units digit of v?
5
Let b = 13 + -11. Suppose 0 = -b*i - i. Suppose i = x - 2 - 0. What is the units digit of x?
2
Suppose -37 = -4*a - h, 0 = -5*a - 9*h + 6*h + 41. Suppose -a*g + 2028 = -4*g. What is the tens digit of g?
3
Let u(l) = l + 1. Let a be u(4). Let r(h) = -h - 1. Let z be r(a). Let y = -4 - z. What is the units digit of y?
2
Suppose 4*s - 20 = -2*m, s - 2*s - 4*m = -5. Suppose -48 - 22 = s*p. Let